{"id":72,"date":"2023-03-23T16:36:07","date_gmt":"2023-03-23T16:36:07","guid":{"rendered":"https:\/\/walking-emotions.de\/?page_id=72"},"modified":"2023-04-14T09:55:31","modified_gmt":"2023-04-14T09:55:31","slug":"team","status":"publish","type":"page","link":"https:\/\/walking-emotions.de\/?page_id=72","title":{"rendered":"Team"},"content":{"rendered":"\n<p><\/p>\n\n\n\n<div class=\"wp-block-media-text alignwide is-stacked-on-mobile is-vertically-aligned-bottom\" style=\"grid-template-columns:15% auto\"><figure class=\"wp-block-media-text__media\"><img decoding=\"async\" loading=\"lazy\" width=\"140\" height=\"210\" src=\"https:\/\/walking-emotions.de\/wp-content\/uploads\/2023\/03\/Foto-Eva-1.jpg\" alt=\"\" class=\"wp-image-281 size-full\"\/><\/figure><div class=\"wp-block-media-text__content\">\n<p class=\"has-text-align-left\">Ich hei\u00dfe Eva Maria Faistbauer komme aus S\u00f6cking, nahe dem sch\u00f6nen Starnberg See!<\/p>\n<\/div><\/div>\n\n\n\n<p><\/p>\n\n\n\n<p>Seit meiner Kindheit treibe ich Sport und durfte zum ersten Mal im Jahr 2005 die Energie der Nordic Walking ALFA Technik sp\u00fcren.<\/p>\n\n\n\n<p>Ich bin davon \u00fcberzeugt, dass der Breitensport Nordic-Walking, in Form der gesundheitsorientierten ALFA-Technik, kombiniert mit Entspannungseinheiten, eine gro\u00dfartige M\u00f6glichkeit ist, Menschen \u00fcber Bewegung zu innerer Ruhe und Ausgeglichenheit zu f\u00fchren.<\/p>\n\n\n\n<p>Da ich selbst meine eigenen, starken gesundheitlichen Probleme (Bandscheiben OP) dank dieser Technik vollst\u00e4nidg bew\u00e4ltigen konnte, bin ich von diesem Konzept mehr als begeistert. Die Entspannungstechniken (z.B. Aktiv-Meditation, Traumreisen, PMR, AT) unterst\u00fctzten dieses ausgewogene K\u00f6rpergef\u00fchl so sehr, dass ich mich im Dezember 2010 vom DNV (Deutscher Nordic Walking und Pr\u00e4ventionsverband e.V.) zum ALFA-Coach ausbilden lie\u00df. Weitere Ausbindungen folgten:<\/p>\n\n\n\n<p><\/p>\n\n\n\n<p>2013 Cora-Coach (Meditations- und Entspannungstrainer)<\/p>\n\n\n\n<p>2014 Weiterbildung zum Innenwelt-R\u00fcckf\u00fchrungs-Coach<\/p>\n\n\n\n<p>2014 Familienaufstellerin, K\u00f6rper- und Strukturaufstellerin<\/p>\n\n\n\n<p><\/p>\n\n\n\n<p class=\"has-small-font-size\">Zertifikate:<\/p>\n\n\n\n<p class=\"has-small-font-size\">A<strong>usbildungen<\/strong><\/p>\n\n\n\n<p class=\"has-small-font-size\">2008&nbsp;&nbsp;&nbsp;&nbsp;&#8211;&nbsp;&nbsp;&nbsp;&nbsp; Basic Instructor<\/p>\n\n\n\n<p class=\"has-small-font-size\">2010&nbsp;&nbsp;&nbsp; &#8211;&nbsp;&nbsp;&nbsp;&nbsp;&nbsp;Energieheilungsseminar \/Chakrenarbeit<\/p>\n\n\n\n<p class=\"has-small-font-size\">2010&nbsp;&nbsp;&nbsp;&nbsp;&#8211;&nbsp;&nbsp;&nbsp;&nbsp; PMR Progressive&nbsp;Muskelentspannung nach&nbsp;Jacobson<\/p>\n\n\n\n<p class=\"has-small-font-size\">2010&nbsp;&nbsp;&nbsp;&nbsp;&#8211;&nbsp;&nbsp;&nbsp;&nbsp;<strong> ALFA-Coach<\/strong><\/p>\n\n\n\n<p class=\"has-small-font-size\">2011&nbsp;&nbsp;&nbsp; &#8211;&nbsp;&nbsp;&nbsp;&nbsp; Reaktiv&nbsp;Fitness Instructor&nbsp;&nbsp;&nbsp;&nbsp;&nbsp;&nbsp;<\/p>\n\n\n\n<p class=\"has-small-font-size\">2012&nbsp;&nbsp;&nbsp;&nbsp;&#8211;&nbsp;&nbsp;&nbsp;&nbsp; <strong>Cora- Meditations- und&nbsp; Entspannungstrainer<\/strong><\/p>\n\n\n\n<p class=\"has-small-font-size\">2012&nbsp;&nbsp;&nbsp; &#8211;&nbsp;&nbsp;&nbsp;&nbsp; Energiearbeit&nbsp;&nbsp;&nbsp;&nbsp; &#8211;&nbsp; Aufbaumodul f\u00fcr Cora-Coach<\/p>\n\n\n\n<p class=\"has-small-font-size\">2012&nbsp;&nbsp;&nbsp;&nbsp;&#8211;&nbsp;&nbsp;&nbsp;&nbsp; Symbolik I&nbsp;&nbsp;&nbsp;&nbsp;&nbsp;&nbsp;&nbsp;&nbsp;&nbsp;&nbsp; &#8211;&nbsp; Aufbaumodul f\u00fcr Cora-Coach<\/p>\n\n\n\n<p class=\"has-small-font-size\">2012&nbsp;&nbsp;&nbsp; &#8211;&nbsp;&nbsp;&nbsp;&nbsp; Symbolik II&nbsp;&nbsp;&nbsp;&nbsp;&nbsp;&nbsp;&nbsp;&nbsp;&nbsp; &#8211;&nbsp; Aufbaumodul f\u00fcr Cora-Coach<\/p>\n\n\n\n<p class=\"has-small-font-size\">2012&nbsp;&nbsp;&nbsp; &#8211;&nbsp;&nbsp; &nbsp; Numerologie&nbsp;&nbsp;&nbsp;&nbsp;&nbsp; &#8211;&nbsp; Aufbaumodul f\u00fcr Cora-Coach<\/p>\n\n\n\n<p class=\"has-small-font-size\">2013&nbsp;&nbsp;&nbsp; &#8211;&nbsp;&nbsp;&nbsp;&nbsp; Inneres Kind&nbsp;&nbsp;&nbsp;&nbsp;&nbsp;&nbsp; &#8211;&nbsp; Aufbaumodul f\u00fcr Cora-Coach<\/p>\n\n\n\n<p class=\"has-small-font-size\">2013    &#8211;     Kraft der Worte\u00a0\u00a0 &#8211; Aufbaumodul f\u00fcr Cora-Coach<\/p>\n\n\n\n<p class=\"has-small-font-size\">2013  &nbsp; &#8211;&nbsp;&nbsp;&nbsp;&nbsp; <strong>Cora-Coach<\/strong><\/p>\n\n\n\n<p class=\"has-small-font-size\">2013&nbsp;&nbsp;&nbsp; &#8211;&nbsp;&nbsp;&nbsp;&nbsp; <strong>Innenwelt-R\u00fcckf\u00fchrungs-Coach &nbsp; &#8211; Top-Modul<\/strong><\/p>\n\n\n\n<p class=\"has-small-font-size\">2014&nbsp;&nbsp;&nbsp; &#8211;&nbsp;&nbsp;&nbsp;&nbsp; <strong>Familienaufsteller &#8211; Top-Modul<\/strong><\/p>\n\n\n\n<p><\/p>\n\n\n\n<p class=\"has-small-font-size\">Ein ALFA-Coach unterliegt&nbsp;einer Weiterbildungpflicht alle 2 Jahre<\/p>\n\n\n\n<p class=\"has-small-font-size\"><\/p>\n\n\n\n<p class=\"has-small-font-size\"><\/p>\n\n\n\n<p class=\"has-small-font-size\"><\/p>\n\n\n\n<div style=\"height:83px\" aria-hidden=\"true\" class=\"wp-block-spacer\"><\/div>\n\n\n\n<p><\/p>\n\n\n\n<p><\/p>\n\n\n\n<div class=\"wp-block-media-text alignwide is-stacked-on-mobile is-vertically-aligned-bottom\" style=\"grid-template-columns:26% auto\"><figure class=\"wp-block-media-text__media\"><img decoding=\"async\" loading=\"lazy\" width=\"1024\" height=\"768\" src=\"https:\/\/walking-emotions.de\/wp-content\/uploads\/2023\/04\/IMG_99991-1024x768.jpg\" alt=\"\" class=\"wp-image-416 size-full\" srcset=\"https:\/\/walking-emotions.de\/wp-content\/uploads\/2023\/04\/IMG_99991-1024x768.jpg 1024w, https:\/\/walking-emotions.de\/wp-content\/uploads\/2023\/04\/IMG_99991-300x225.jpg 300w, https:\/\/walking-emotions.de\/wp-content\/uploads\/2023\/04\/IMG_99991-768x576.jpg 768w, https:\/\/walking-emotions.de\/wp-content\/uploads\/2023\/04\/IMG_99991-1536x1152.jpg 1536w, https:\/\/walking-emotions.de\/wp-content\/uploads\/2023\/04\/IMG_99991-2048x1536.jpg 2048w, https:\/\/walking-emotions.de\/wp-content\/uploads\/2023\/04\/IMG_99991-360x270.jpg 360w, https:\/\/walking-emotions.de\/wp-content\/uploads\/2023\/04\/IMG_99991-600x450.jpg 600w\" sizes=\"(max-width: 1024px) 100vw, 1024px\" \/><\/figure><div class=\"wp-block-media-text__content\">\n<p>Heidi Faistbauer Angestellte B\u00fcro und Marketing<\/p>\n<\/div><\/div>\n\n\n\n<p><\/p>\n\n\n\n<p><\/p>\n\n\n\n<p><\/p>\n\n\n\n<p><\/p>\n","protected":false},"excerpt":{"rendered":"<p>Ich hei\u00dfe Eva Maria Faistbauer komme aus S\u00f6cking, nahe dem sch\u00f6nen Starnberg See! Seit meiner Kindheit treibe ich Sport und durfte zum ersten Mal im Jahr 2005 die Energie der Nordic Walking ALFA Technik sp\u00fcren. Ich bin davon \u00fcberzeugt, dass der Breitensport Nordic-Walking, in Form der gesundheitsorientierten ALFA-Technik, kombiniert mit Entspannungseinheiten, eine gro\u00dfartige M\u00f6glichkeit ist, Menschen \u00fcber Bewegung zu innerer Ruhe und Ausgeglichenheit zu f\u00fchren. Da ich selbst meine eigenen, starken gesundheitlichen Probleme (Bandscheiben OP) dank dieser Technik vollst\u00e4nidg bew\u00e4ltigen&#8230;<\/p>\n<p class=\"read-more\"><a class=\"btn btn-default\" href=\"https:\/\/walking-emotions.de\/?page_id=72\">Weiterlesen<span class=\"screen-reader-text\"> Weiterlesen<\/span><\/a><\/p>\n","protected":false},"author":1,"featured_media":0,"parent":0,"menu_order":0,"comment_status":"closed","ping_status":"closed","template":"","meta":[],"_links":{"self":[{"href":"https:\/\/walking-emotions.de\/index.php?rest_route=\/wp\/v2\/pages\/72"}],"collection":[{"href":"https:\/\/walking-emotions.de\/index.php?rest_route=\/wp\/v2\/pages"}],"about":[{"href":"https:\/\/walking-emotions.de\/index.php?rest_route=\/wp\/v2\/types\/page"}],"author":[{"embeddable":true,"href":"https:\/\/walking-emotions.de\/index.php?rest_route=\/wp\/v2\/users\/1"}],"replies":[{"embeddable":true,"href":"https:\/\/walking-emotions.de\/index.php?rest_route=%2Fwp%2Fv2%2Fcomments&post=72"}],"version-history":[{"count":13,"href":"https:\/\/walking-emotions.de\/index.php?rest_route=\/wp\/v2\/pages\/72\/revisions"}],"predecessor-version":[{"id":459,"href":"https:\/\/walking-emotions.de\/index.php?rest_route=\/wp\/v2\/pages\/72\/revisions\/459"}],"wp:attachment":[{"href":"https:\/\/walking-emotions.de\/index.php?rest_route=%2Fwp%2Fv2%2Fmedia&parent=72"}],"curies":[{"name":"wp","href":"https:\/\/api.w.org\/{rel}","templated":true}]}}

<p></p>



<div class="wp-block-media-text alignwide is-stacked-on-mobile is-vertically-aligned-bottom" style="grid-template-columns:15% auto"><figure class="wp-block-media-text__media"><img decoding="async" loading="lazy" width="140" height="210" src="https://walking-emotions.de/wp-content/uploads/2023/03/Foto-Eva-1.jpg" alt="" class="wp-image-281 size-full"/></figure><div class="wp-block-media-text__content">
<p class="has-text-align-left">Ich heiße Eva Maria Faistbauer komme aus Söcking, nahe dem schönen Starnberg See!</p>
</div></div>



<p></p>



<p>Seit meiner Kindheit treibe ich Sport und durfte zum ersten Mal im Jahr 2005 die Energie der Nordic Walking ALFA Technik spüren.</p>



<p>Ich bin davon überzeugt, dass der Breitensport Nordic-Walking, in Form der gesundheitsorientierten ALFA-Technik, kombiniert mit Entspannungseinheiten, eine großartige Möglichkeit ist, Menschen über Bewegung zu innerer Ruhe und Ausgeglichenheit zu führen.</p>



<p>Da ich selbst meine eigenen, starken gesundheitlichen Probleme (Bandscheiben OP) dank dieser Technik vollstänidg bewältigen konnte, bin ich von diesem Konzept mehr als begeistert. Die Entspannungstechniken (z.B. Aktiv-Meditation, Traumreisen, PMR, AT) unterstützten dieses ausgewogene Körpergefühl so sehr, dass ich mich im Dezember 2010 vom DNV (Deutscher Nordic Walking und Präventionsverband e.V.) zum ALFA-Coach ausbilden ließ. Weitere Ausbindungen folgten:</p>



<p></p>



<p>2013 Cora-Coach (Meditations- und Entspannungstrainer)</p>



<p>2014 Weiterbildung zum Innenwelt-Rückführungs-Coach</p>



<p>2014 Familienaufstellerin, Körper- und Strukturaufstellerin</p>



<p></p>



<p class="has-small-font-size">Zertifikate:</p>



<p class="has-small-font-size">A<strong>usbildungen</strong></p>



<p class="has-small-font-size">2008&nbsp;&nbsp;&nbsp;&nbsp;&#8211;&nbsp;&nbsp;&nbsp;&nbsp; Basic Instructor</p>



<p class="has-small-font-size">2010&nbsp;&nbsp;&nbsp; &#8211;&nbsp;&nbsp;&nbsp;&nbsp;&nbsp;Energieheilungsseminar /Chakrenarbeit</p>



<p class="has-small-font-size">2010&nbsp;&nbsp;&nbsp;&nbsp;&#8211;&nbsp;&nbsp;&nbsp;&nbsp; PMR Progressive&nbsp;Muskelentspannung nach&nbsp;Jacobson</p>



<p class="has-small-font-size">2010&nbsp;&nbsp;&nbsp;&nbsp;&#8211;&nbsp;&nbsp;&nbsp;&nbsp;<strong> ALFA-Coach</strong></p>



<p class="has-small-font-size">2011&nbsp;&nbsp;&nbsp; &#8211;&nbsp;&nbsp;&nbsp;&nbsp; Reaktiv&nbsp;Fitness Instructor&nbsp;&nbsp;&nbsp;&nbsp;&nbsp;&nbsp;</p>



<p class="has-small-font-size">2012&nbsp;&nbsp;&nbsp;&nbsp;&#8211;&nbsp;&nbsp;&nbsp;&nbsp; <strong>Cora- Meditations- und&nbsp; Entspannungstrainer</strong></p>



<p class="has-small-font-size">2012&nbsp;&nbsp;&nbsp; &#8211;&nbsp;&nbsp;&nbsp;&nbsp; Energiearbeit&nbsp;&nbsp;&nbsp;&nbsp; &#8211;&nbsp; Aufbaumodul für Cora-Coach</p>



<p class="has-small-font-size">2012&nbsp;&nbsp;&nbsp;&nbsp;&#8211;&nbsp;&nbsp;&nbsp;&nbsp; Symbolik I&nbsp;&nbsp;&nbsp;&nbsp;&nbsp;&nbsp;&nbsp;&nbsp;&nbsp;&nbsp; &#8211;&nbsp; Aufbaumodul für Cora-Coach</p>



<p class="has-small-font-size">2012&nbsp;&nbsp;&nbsp; &#8211;&nbsp;&nbsp;&nbsp;&nbsp; Symbolik II&nbsp;&nbsp;&nbsp;&nbsp;&nbsp;&nbsp;&nbsp;&nbsp;&nbsp; &#8211;&nbsp; Aufbaumodul für Cora-Coach</p>



<p class="has-small-font-size">2012&nbsp;&nbsp;&nbsp; &#8211;&nbsp;&nbsp; &nbsp; Numerologie&nbsp;&nbsp;&nbsp;&nbsp;&nbsp; &#8211;&nbsp; Aufbaumodul für Cora-Coach</p>



<p class="has-small-font-size">2013&nbsp;&nbsp;&nbsp; &#8211;&nbsp;&nbsp;&nbsp;&nbsp; Inneres Kind&nbsp;&nbsp;&nbsp;&nbsp;&nbsp;&nbsp; &#8211;&nbsp; Aufbaumodul für Cora-Coach</p>



<p class="has-small-font-size">2013    &#8211;     Kraft der Worte   &#8211; Aufbaumodul für Cora-Coach</p>



<p class="has-small-font-size">2013  &nbsp; &#8211;&nbsp;&nbsp;&nbsp;&nbsp; <strong>Cora-Coach</strong></p>



<p class="has-small-font-size">2013&nbsp;&nbsp;&nbsp; &#8211;&nbsp;&nbsp;&nbsp;&nbsp; <strong>Innenwelt-Rückführungs-Coach &nbsp; &#8211; Top-Modul</strong></p>



<p class="has-small-font-size">2014&nbsp;&nbsp;&nbsp; &#8211;&nbsp;&nbsp;&nbsp;&nbsp; <strong>Familienaufsteller &#8211; Top-Modul</strong></p>



<p></p>



<p class="has-small-font-size">Ein ALFA-Coach unterliegt&nbsp;einer Weiterbildungpflicht alle 2 Jahre</p>



<p class="has-small-font-size"></p>



<p class="has-small-font-size"></p>



<p class="has-small-font-size"></p>



<div style="height:83px" aria-hidden="true" class="wp-block-spacer"></div>



<p></p>



<p></p>



<div class="wp-block-media-text alignwide is-stacked-on-mobile is-vertically-aligned-bottom" style="grid-template-columns:26% auto"><figure class="wp-block-media-text__media"><img decoding="async" loading="lazy" width="1024" height="768" src="https://walking-emotions.de/wp-content/uploads/2023/04/IMG_99991-1024x768.jpg" alt="" class="wp-image-416 size-full" srcset="https://walking-emotions.de/wp-content/uploads/2023/04/IMG_99991-1024x768.jpg 1024w, https://walking-emotions.de/wp-content/uploads/2023/04/IMG_99991-300x225.jpg 300w, https://walking-emotions.de/wp-content/uploads/2023/04/IMG_99991-768x576.jpg 768w, https://walking-emotions.de/wp-content/uploads/2023/04/IMG_99991-1536x1152.jpg 1536w, https://walking-emotions.de/wp-content/uploads/2023/04/IMG_99991-2048x1536.jpg 2048w, https://walking-emotions.de/wp-content/uploads/2023/04/IMG_99991-360x270.jpg 360w, https://walking-emotions.de/wp-content/uploads/2023/04/IMG_99991-600x450.jpg 600w" sizes="(max-width: 1024px) 100vw, 1024px" /></figure><div class="wp-block-media-text__content">
<p>Heidi Faistbauer Angestellte Büro und Marketing</p>
</div></div>



<p></p>



<p></p>



<p></p>



<p></p>

<p>Ich heiße Eva Maria Faistbauer komme aus Söcking, nahe dem schönen Starnberg See! Seit meiner Kindheit treibe ich Sport und durfte zum ersten Mal im Jahr 2005 die Energie der Nordic Walking ALFA Technik spüren. Ich bin davon überzeugt, dass der Breitensport Nordic-Walking, in Form der gesundheitsorientierten ALFA-Technik, kombiniert mit Entspannungseinheiten, eine großartige Möglichkeit ist, Menschen über Bewegung zu innerer Ruhe und Ausgeglichenheit zu führen. Da ich selbst meine eigenen, starken gesundheitlichen Probleme (Bandscheiben OP) dank dieser Technik vollstänidg bewältigen&#8230;</p>
<p class="read-more"><a class="btn btn-default" href="https://walking-emotions.de/?page_id=72">Weiterlesen<span class="screen-reader-text"> Weiterlesen</span></a></p>
