{"id":7,"date":"2023-03-23T16:02:21","date_gmt":"2023-03-23T16:02:21","guid":{"rendered":"https:\/\/walking-emotions.de\/?page_id=7"},"modified":"2023-03-28T09:29:26","modified_gmt":"2023-03-28T09:29:26","slug":"shop","status":"publish","type":"page","link":"https:\/\/walking-emotions.de\/?page_id=7","title":{"rendered":"Nordic-Walking"},"content":{"rendered":"\n<blockquote class=\"wp-block-quote\">\n<p>Nordic Walking ALFA-Technk &#8211; Leichter Einstieg in 7 Schritten &#8211; f\u00fcr jeden geeignet &#8211; rundum gesund<\/p>\n<\/blockquote>\n\n\n\n<div class=\"is-layout-flex wp-container-3 wp-block-columns alignwide\">\n<div class=\"is-layout-flow wp-block-column\" style=\"flex-basis:17%\">\n<figure class=\"wp-block-image\"><img decoding=\"async\" loading=\"lazy\" width=\"178\" height=\"178\" src=\"https:\/\/walking-emotions.de\/wp-content\/uploads\/2023\/03\/DeScqZasu-Vd-i6_JniaQwpTMGU-WDESpstALJEEahs-2.jpg\" alt=\"\" class=\"wp-image-355\" srcset=\"https:\/\/walking-emotions.de\/wp-content\/uploads\/2023\/03\/DeScqZasu-Vd-i6_JniaQwpTMGU-WDESpstALJEEahs-2.jpg 178w, https:\/\/walking-emotions.de\/wp-content\/uploads\/2023\/03\/DeScqZasu-Vd-i6_JniaQwpTMGU-WDESpstALJEEahs-2-150x150.jpg 150w, https:\/\/walking-emotions.de\/wp-content\/uploads\/2023\/03\/DeScqZasu-Vd-i6_JniaQwpTMGU-WDESpstALJEEahs-2-100x100.jpg 100w\" sizes=\"(max-width: 178px) 100vw, 178px\" \/><\/figure>\n<\/div>\n\n\n\n<div class=\"is-layout-flow wp-block-column\" style=\"flex-basis:83%\">\n<p>Nordic Walking ALFA Technik Ein sanftes und effektives Ganzk\u00f6rpertraining im Freien. Ihr K\u00f6rper wird es Ihnen mit Gesundheit, Ausgeglichenheit und Wohlbefinden danken.  Mit Nordic Walking arbeiten Sie aktiv gegen vorzeitige Alterserkrankungen und beugen so Zivilistionskrankheiten vor.<em> <\/em><\/p>\n\n\n\n<ul>\n<li><strong>Nordic Walking<\/strong> ist Bewegung, denn wer rastet, der rostet<\/li>\n\n\n\n<li><strong>Nordic Walking<\/strong> ist f\u00fcr jeden erlernbar<\/li>\n\n\n\n<li><strong>Nordic Walking<\/strong> ist immer und \u00fcberall auszu\u00fcben<\/li>\n\n\n\n<li><strong>Nordic Walking<\/strong> ist g\u00fcnstig, denn es braucht keine teure Ausr\u00fcstung<\/li>\n\n\n\n<li><strong>Nordic Walking<\/strong> belebt K\u00f6rper, Geist und Seele<\/li>\n\n\n\n<li><strong>Nordic Walking<\/strong> bringt Spa\u00df an der Bewegung in der Gruppe<\/li>\n\n\n\n<li><strong>Nordic Walking <\/strong>macht attraktiv, h\u00e4lt jung, bringt Lebensfreude <\/li>\n<\/ul>\n\n\n\n<p><\/p>\n<\/div>\n<\/div>\n\n\n\n<div id=\"bookingKitContainer\" data-cw=\"187bd1a6cbd4b84ce3ca6112a5469236\"><\/div>\n<script src=\"https:\/\/1b3f5498d417b2eb8805c990a0f496e0.widget.bookingkit.net\/bkscript\/187bd1a6cbd4b84ce3ca6112a5469236\/\" async=\"\"><\/script>\n","protected":false},"excerpt":{"rendered":"<p>Nordic Walking ALFA-Technk &#8211; Leichter Einstieg in 7 Schritten &#8211; f\u00fcr jeden geeignet &#8211; rundum gesund Nordic Walking ALFA Technik Ein sanftes und effektives Ganzk\u00f6rpertraining im Freien. Ihr K\u00f6rper wird es Ihnen mit Gesundheit, Ausgeglichenheit und Wohlbefinden danken. Mit Nordic Walking arbeiten Sie aktiv gegen vorzeitige Alterserkrankungen und beugen so Zivilistionskrankheiten vor.<\/p>\n","protected":false},"author":1,"featured_media":0,"parent":0,"menu_order":0,"comment_status":"closed","ping_status":"closed","template":"","meta":[],"_links":{"self":[{"href":"https:\/\/walking-emotions.de\/index.php?rest_route=\/wp\/v2\/pages\/7"}],"collection":[{"href":"https:\/\/walking-emotions.de\/index.php?rest_route=\/wp\/v2\/pages"}],"about":[{"href":"https:\/\/walking-emotions.de\/index.php?rest_route=\/wp\/v2\/types\/page"}],"author":[{"embeddable":true,"href":"https:\/\/walking-emotions.de\/index.php?rest_route=\/wp\/v2\/users\/1"}],"replies":[{"embeddable":true,"href":"https:\/\/walking-emotions.de\/index.php?rest_route=%2Fwp%2Fv2%2Fcomments&post=7"}],"version-history":[{"count":17,"href":"https:\/\/walking-emotions.de\/index.php?rest_route=\/wp\/v2\/pages\/7\/revisions"}],"predecessor-version":[{"id":360,"href":"https:\/\/walking-emotions.de\/index.php?rest_route=\/wp\/v2\/pages\/7\/revisions\/360"}],"wp:attachment":[{"href":"https:\/\/walking-emotions.de\/index.php?rest_route=%2Fwp%2Fv2%2Fmedia&parent=7"}],"curies":[{"name":"wp","href":"https:\/\/api.w.org\/{rel}","templated":true}]}}