{"id":3,"date":"2023-03-23T16:29:45","date_gmt":"2023-03-23T16:29:45","guid":{"rendered":"https:\/\/walking-emotions.de\/?page_id=3"},"modified":"2023-03-24T21:08:49","modified_gmt":"2023-03-24T21:08:49","slug":"privacy-policy","status":"publish","type":"page","link":"https:\/\/walking-emotions.de\/?page_id=3","title":{"rendered":"Impressum"},"content":{"rendered":"\n<figure class=\"wp-block-table\"><table><tbody><tr><td><strong>Impressum<\/strong><br>\u00a0<br>\u00a0<br><br>Eva Maria Faistbauer<br>ALFA-Coach Cora-Coach und PMR-Trainer\u00a0 Cora-Entspannungs\/Meditationstrainer<br>Mitglied im (DNV Deutscher Nordic-Walking und Pr\u00e4ventionsverband e.V.)<br>K\u00fchtal 18<br>82319 Starnberg<br>Tel: 08151-6435<br>Handy: 0160-93804001<br>e.mail: <a href=\"mailto:e.faistbauer@googlemail.com\">e.faistbauer@googlemail.com<\/a><br>Homepage: <a href=\"http:\/\/www.walking-emotions.de\/\">http:\/\/www.walking-emotions.de<\/a><br>\u00a0<br>\u00a0<br>USt-IdNr.<br>Umsatzsteuer-Identifikationsnummer gem\u00e4\u00df \u00a7 27 a Umsatzsteuergesetz: 161\/216\/10322<br>inhaltlich Verantwortlicher gem\u00e4\u00df \u00a7 55 Abs. 2 RStV: siehe oben<br><br><br>Haftung f\u00fcr\u00a0Inhalte<br><br>Die Inhalte meiner Seiten wurden mit gr\u00f6\u00dfter Sorgfalt erstellt. F\u00fcr die Richtigkeit, Vollst\u00e4ndigkeit und Aktualit\u00e4t der Inhalte kann jedoch keine Gew\u00e4hr \u00fcbernommen werden.\u00a0<br><br><br>Haftung f\u00fcr Links<br>\u00a0<br>Diese Seite enth\u00e4lt Links zu externen Webseiten Dritter, auf deren Inhalte ich keine Einfluss habe. Deshalb kann f\u00fcr diese fremden Inhalte auch keine Gew\u00e4hr \u00fcbernommen werden. F\u00fcr die Inhalte der verlinkten Seiten ist stets der jeweilige Anbieter oder Betreiber der Seiten verantwortlich.<br>\u00a0<br>\u00a0<br><br>Haftungsausschluss\u00a0 \u2013 Rechtlicher Hinweis:<br><br>1. Inhalt des Onlineangebotes<br>Der Autor \u00fcbernimmt keinerlei Gew\u00e4hr f\u00fcr die Aktualit\u00e4t, Korrektheit, Vollst\u00e4ndigkeit oder Qualit\u00e4t der bereitgestellten Informationen. Haftungsanspr\u00fcche gegen den Autor, welche sich auf Sch\u00e4den materieller oder ideeller Art beziehen, die durch die Nutzung oder Nichtnutzung der dargebotenen Informationen bzw. durch die Nutzung fehlerhafter und unvollst\u00e4ndiger Informationen verursacht wurden sind grunds\u00e4tzlich ausgeschlossen, sofern seitens des Autors kein nachweislich vors\u00e4tzliches oder grob fahrl\u00e4ssiges Verschulden vorliegt. Alle Angebote sind freibleibend und unverbindlich. Der Autor beh\u00e4lt es sich ausdr\u00fccklich vor, Teile der Seiten oder das gesamte Angebot ohne gesonderte Ank\u00fcndigung zu ver\u00e4ndern, zu erg\u00e4nzen, zu l\u00f6schen oder die Ver\u00f6ffentlichung zeitweise oder endg\u00fcltig einzustellen.<br><br>2. Verweise und Links<br>Bei direkten oder indirekten Verweisen auf fremde Internetseiten (\u201cLinks\u201d), die au\u00dferhalb des Verantwortungsbereiches des Autors liegen, w\u00fcrde eine Haftungsverpflichtung ausschlie\u00dflich in dem Fall in Kraft treten, in dem der Autor von den Inhalten Kenntnis hat und es ihm technisch m\u00f6glich und zumutbar w\u00e4re, die Nutzung im Falle rechtswidriger Inhalte zu verhindern. Der Autor erkl\u00e4rt daher ausdr\u00fccklich, dass zum Zeitpunkt der Linksetzung die entsprechenden verlinkten Seiten frei von illegalen Inhalten waren. Der Autor hat keinerlei Einfluss auf die aktuelle und zuk\u00fcnftige Gestaltung und auf die Inhalte der gelinkten\/verkn\u00fcpften Seiten. Deshalb distanziert er sich hiermit ausdr\u00fccklich von allen Inhalten aller gelinkten \/verkn\u00fcpften Seiten, die nach der Linksetzung ver\u00e4ndert wurden. Diese Feststellung gilt f\u00fcr alle innerhalb des eigenen Internetangebotes gesetzten Links und Verweise sowie f\u00fcr Fremdeintr\u00e4ge in vom Autor eingerichteten G\u00e4steb\u00fcchern, Diskussionsforen und Mailinglisten. F\u00fcr illegale, fehlerhafte oder unvollst\u00e4ndige Inhalte und insbesondere f\u00fcr Sch\u00e4den, die aus der Nutzung oder Nichtnutzung solcherart dargebotener Informationen entstehen, haftet allein der Anbieter der Seite, auf welche verwiesen wurde, nicht derjenige, der \u00fcber Links auf die jeweilige Ver\u00f6ffentlichung lediglich verweist.<br><br>3. Urheber- und Kennzeichenrecht<br>Der Autor ist bestrebt, in allen Publikationen die Urheberrechte der verwendeten Grafiken, Tondokumente, Videosequenzen und Texte zu beachten, von ihm selbst erstellte Grafiken, Tondokumente, Videosequenzen und Texte zu nutzen oder auf lizenzfreie Grafiken, Tondokumente, Videosequenzen und Texte zur\u00fcckzugreifen. Alle innerhalb des Internetangebotes genannten und ggf. durch Dritte gesch\u00fctzten Marken- und Warenzeichen unterliegen uneingeschr\u00e4nkt den Bestimmungen des jeweils g\u00fcltigen Kennzeichenrechts und den Besitzrechten der jeweiligen eingetragenen Eigent\u00fcmer. Allein aufgrund der blo\u00dfen Nennung ist nicht der Schluss zu ziehen, dass Markenzeichen nicht durch Rechte Dritter gesch\u00fctzt sind! Das Copyright f\u00fcr ver\u00f6ffentlichte, vom Autor selbst erstellte Objekte bleibt allein beim Autor der Seiten. Eine Vervielf\u00e4ltigung oder Verwendung solcher Grafiken, Tondokumente, Videosequenzen und Texte in anderen elektronischen oder gedruckten Publikationen ist ohne ausdr\u00fcckliche Zustimmung des Autors nicht gestattet.<br><br>4. Rechtswirksamkeit dieses Haftungsausschlusses<br>Dieser Haftungsausschluss ist als Teil des Internetangebotes zu betrachten, von dem aus auf diese Seite verwiesen wurde. Sofern Teile oder einzelne Formulierungen dieses Textes der geltenden Rechtslage nicht, nicht mehr oder nicht vollst\u00e4ndig entsprechen sollten, bleiben die \u00fcbrigen Teile des Dokumentes in ihrem Inhalt und ihrer G\u00fcltigkeit davon unber\u00fchrt.<br>\u00a0<br>5. Nutzung pers\u00f6nlicher Daten<br>Wenn Sie per E-Mail oder auf anderem Wege eine Nachricht senden, werden die auf diesem Wege \u00fcbermittelten personenbezogenen Daten ausschlie\u00dflich f\u00fcr die Korrespondenz mit dem Absender und zur Erf\u00fcllung der angebotenen Leistungen verwendet. Diese Daten werden nicht an Dritte weitergegeben oder verkauft. Es besteht zu jeder Zeit die M\u00f6glichkeit, die L\u00f6schung der Daten zu verlangen, dazu gen\u00fcgt eine entsprechende Nachricht per E.-Mail.<br>\u00a0<\/td><td><\/td><\/tr><\/tbody><\/table><\/figure>\n","protected":false},"excerpt":{"rendered":"<p>Impressum\u00a0\u00a0 Eva Maria FaistbauerALFA-Coach Cora-Coach und PMR-Trainer\u00a0 Cora-Entspannungs\/MeditationstrainerMitglied im (DNV Deutscher Nordic-Walking und Pr\u00e4ventionsverband e.V.)K\u00fchtal 1882319 StarnbergTel: 08151-6435Handy: 0160-93804001e.mail: e.faistbauer@googlemail.comHomepage: http:\/\/www.walking-emotions.de\u00a0\u00a0USt-IdNr.Umsatzsteuer-Identifikationsnummer gem\u00e4\u00df \u00a7 27 a Umsatzsteuergesetz: 161\/216\/10322inhaltlich Verantwortlicher gem\u00e4\u00df \u00a7 55 Abs. 2 RStV: siehe oben Haftung f\u00fcr\u00a0Inhalte Die Inhalte meiner Seiten wurden mit gr\u00f6\u00dfter Sorgfalt erstellt. F\u00fcr die Richtigkeit, Vollst\u00e4ndigkeit und Aktualit\u00e4t der Inhalte kann jedoch keine Gew\u00e4hr \u00fcbernommen werden.\u00a0 Haftung f\u00fcr Links\u00a0Diese Seite enth\u00e4lt Links zu externen Webseiten Dritter, auf deren Inhalte ich keine Einfluss habe. Deshalb kann&#8230;<\/p>\n<p class=\"read-more\"><a class=\"btn btn-default\" href=\"https:\/\/walking-emotions.de\/?page_id=3\">Weiterlesen<span class=\"screen-reader-text\"> Weiterlesen<\/span><\/a><\/p>\n","protected":false},"author":1,"featured_media":0,"parent":0,"menu_order":0,"comment_status":"closed","ping_status":"open","template":"","meta":[],"_links":{"self":[{"href":"https:\/\/walking-emotions.de\/index.php?rest_route=\/wp\/v2\/pages\/3"}],"collection":[{"href":"https:\/\/walking-emotions.de\/index.php?rest_route=\/wp\/v2\/pages"}],"about":[{"href":"https:\/\/walking-emotions.de\/index.php?rest_route=\/wp\/v2\/types\/page"}],"author":[{"embeddable":true,"href":"https:\/\/walking-emotions.de\/index.php?rest_route=\/wp\/v2\/users\/1"}],"replies":[{"embeddable":true,"href":"https:\/\/walking-emotions.de\/index.php?rest_route=%2Fwp%2Fv2%2Fcomments&post=3"}],"version-history":[{"count":2,"href":"https:\/\/walking-emotions.de\/index.php?rest_route=\/wp\/v2\/pages\/3\/revisions"}],"predecessor-version":[{"id":244,"href":"https:\/\/walking-emotions.de\/index.php?rest_route=\/wp\/v2\/pages\/3\/revisions\/244"}],"wp:attachment":[{"href":"https:\/\/walking-emotions.de\/index.php?rest_route=%2Fwp%2Fv2%2Fmedia&parent=3"}],"curies":[{"name":"wp","href":"https:\/\/api.w.org\/{rel}","templated":true}]}}