{"id":11,"date":"2023-03-23T16:37:53","date_gmt":"2023-03-23T16:37:53","guid":{"rendered":"https:\/\/walking-emotions.de\/?page_id=11"},"modified":"2023-03-23T16:37:53","modified_gmt":"2023-03-23T16:37:53","slug":"rueckerstattung_rueckgaben","status":"publish","type":"page","link":"https:\/\/walking-emotions.de\/?page_id=11","title":{"rendered":"AGB"},"content":{"rendered":"\n<figure class=\"wp-block-table\"><table><tbody><tr><td>Allgemeine Gesch\u00e4ftsbedingungen der Firma Nordic-(E)motions Starnberg<br>&nbsp;<br>F\u00fcr alle angebotenen Kurse\/Touren\/Seminare\/Treffs Die schriftliche Anmeldung ist verbindlich. Die Kosten f\u00fcr die angebotenen Kurse\/Touren\/Seminare&nbsp; werden online, per \u00dcberweisung oder bar zu Beginn des Kurses bezahlt. Eine Kursabsage kann bis 14 Tage vor Kursbeginn kostenfrei erfolgen. Danach f\u00e4llt eine Bearbeitungsgeb\u00fchr von 15,00 \u20ac an bzw. bei Nichterscheinen die volle Kursgeb\u00fchr<br>Haftungsbestimmung:<br>Es ist bekannt, dass die Teilnahme an allen angebotenen Kursen\/Touren\/Seminare\/Treffs&nbsp; und Treffs der Firma Nordic-(E)motions auf eigene Gefahr erfolgt. Es wird darauf hingewiesen, dass geeignete Kleidung und Schuhe zum Nordic Walking angezogen werden sollten. Mit meiner Anmeldung best\u00e4tige ich als Teilnehmer, dass ich den Trainer und die Verantwortlichen der Firma Nordic-(E)motions f\u00fcr s\u00e4mtliche Sch\u00e4den, sein es k\u00f6rperliche, materielle oder immaterielle Sch\u00e4den, die mir durch die Teilnahme an den Kursen \/Touren\/Seminare\/Treffs (und nicht durch die Fahrl\u00e4ssigkeit des Trainers zustande gekommen sind) nicht verantwortlich machen kann.<br>Gesundheitliche Probleme, die durch die Teilnahme an der o.g.Kursen\/Touren\/Seminare&nbsp; oder Treffs hervorgerufen oder verst\u00e4rkt werden, unterliegen keinem Versicherungsschutz. Eine Haftung f\u00fcr die durch die Kursteilnahme verursachte Verst\u00e4rkung bereits bestehender gesundheitlicher Probleme wird nicht \u00fcbernommen. Der Kursteilnehmer mit bestehenden gesundheitlichen Problemen (z.B. Herz-Kreislauf-Erkrankungen) ist verpflichtet, seine Teilnahme an dem Kurs mit dem behandelnden Arzt abzustimmen und dem Trainer zu melden.<br><br>Bei dem Erwerb einer 10er Karte kann der K\u00e4ufer an allen Terminen betreffend zu der Karte&nbsp; teilnehmen. Es wird pro Veranstaltung ein Punkt abgestrichen. Eine R\u00fcckzahlung des geleisteten Kaufpreises schlie\u00dfen wir ausdr\u00fccklich aus.<br><br>R\u00fccktritt:<br>Wenn ein Teilnehmer einen angemeldeten Kursplatz nicht belegen kann, dann bitten wir um rechtzeitige Absage ( bitte 24 Stunden vor Kursbeginn ).<br><br>Kursausfall:<br>Wir behalten uns vor, bei zu geringer Teilnehmerzahl oder Erkrankung des Trainers den Kurs 24 Stunden vor Beginn abzusagen. Wir werden uns bem\u00fchen, den angemeldeten Teilnehmern einen Alternativtermin anzubieten. Es finden keine Kurse statt bei Eisgl\u00e4tte und Gewitter. Auch hier wird vom Veranstalter ein Alternativtermin angeboten:<br><br>Selbstverantwortung:<br>Jeder Teilnehmer erkl\u00e4rt mit der Anmeldung, dass er sich f\u00fcr gesund h\u00e4lt ( wir empfehlen eine sport\u00e4rztliche Untersuchung ) und selbst die Verantwortung f\u00fcr sein Handeln w\u00e4hrend der Kursdauer der Kurse\/Touren\/Seminare\/Treffs tr\u00e4gt, dass er ausreichend versichert ist, den Veranstalter und Trainer von diesbez\u00fcglichen Haftungsanspr\u00fcchen freistellt. Die Teilnahme an den Kursen erfolgt auf eigenes Risiko.<br>Verhinderung eines Teilnehmers:<br>Wenn ein Teilnehmer verhindert ist, an einem Kurstermin bei Kursen, die \u00fcber mehrere Termine gehen, dann kann alternativ eine Einheit bei einem \u00dcbungslauf nachgeholt werden. Der Teilnehmer ist selbst daf\u00fcr verantwortlich dies f\u00fcr sich zu organisieren. Der Teilnehmer kann sich bei seinem Trainer erkundigen, wann und wo er die M\u00f6glichkeit hat, die Termine nachzuholen.<br>&nbsp;<br>&nbsp;<br>&nbsp;<br>&nbsp;&nbsp; &nbsp;<br>&nbsp;<br><br>&nbsp;&nbsp; &nbsp; <img decoding=\"async\" loading=\"lazy\" src=\"\" alt=\"Top\" width=\"24\" height=\"7\"><a href=\"https:\/\/walking-emotions.de\/agb.html#top\"><\/a><\/td><td><\/td><\/tr><\/tbody><\/table><\/figure>\n","protected":false},"excerpt":{"rendered":"<p>Allgemeine Gesch\u00e4ftsbedingungen der Firma Nordic-(E)motions Starnberg&nbsp;F\u00fcr alle angebotenen Kurse\/Touren\/Seminare\/Treffs Die schriftliche Anmeldung ist verbindlich. Die Kosten f\u00fcr die angebotenen Kurse\/Touren\/Seminare&nbsp; werden online, per \u00dcberweisung oder bar zu Beginn des Kurses bezahlt. Eine Kursabsage kann bis 14 Tage vor Kursbeginn kostenfrei erfolgen. Danach f\u00e4llt eine Bearbeitungsgeb\u00fchr von 15,00 \u20ac an bzw. bei Nichterscheinen die volle Kursgeb\u00fchrHaftungsbestimmung:Es ist bekannt, dass die Teilnahme an allen angebotenen Kursen\/Touren\/Seminare\/Treffs&nbsp; und Treffs der Firma Nordic-(E)motions auf eigene Gefahr erfolgt. Es wird darauf hingewiesen, dass geeignete Kleidung&#8230;<\/p>\n<p class=\"read-more\"><a class=\"btn btn-default\" href=\"https:\/\/walking-emotions.de\/?page_id=11\">Weiterlesen<span class=\"screen-reader-text\"> Weiterlesen<\/span><\/a><\/p>\n","protected":false},"author":1,"featured_media":0,"parent":0,"menu_order":0,"comment_status":"closed","ping_status":"closed","template":"","meta":[],"_links":{"self":[{"href":"https:\/\/walking-emotions.de\/index.php?rest_route=\/wp\/v2\/pages\/11"}],"collection":[{"href":"https:\/\/walking-emotions.de\/index.php?rest_route=\/wp\/v2\/pages"}],"about":[{"href":"https:\/\/walking-emotions.de\/index.php?rest_route=\/wp\/v2\/types\/page"}],"author":[{"embeddable":true,"href":"https:\/\/walking-emotions.de\/index.php?rest_route=\/wp\/v2\/users\/1"}],"replies":[{"embeddable":true,"href":"https:\/\/walking-emotions.de\/index.php?rest_route=%2Fwp%2Fv2%2Fcomments&post=11"}],"version-history":[{"count":1,"href":"https:\/\/walking-emotions.de\/index.php?rest_route=\/wp\/v2\/pages\/11\/revisions"}],"predecessor-version":[{"id":75,"href":"https:\/\/walking-emotions.de\/index.php?rest_route=\/wp\/v2\/pages\/11\/revisions\/75"}],"wp:attachment":[{"href":"https:\/\/walking-emotions.de\/index.php?rest_route=%2Fwp%2Fv2%2Fmedia&parent=11"}],"curies":[{"name":"wp","href":"https:\/\/api.w.org\/{rel}","templated":true}]}}